{"id":16,"date":"2022-06-14T17:17:48","date_gmt":"2022-06-14T15:17:48","guid":{"rendered":"https:\/\/thepartypark.com\/?page_id=16"},"modified":"2025-06-12T15:21:41","modified_gmt":"2025-06-12T13:21:41","slug":"impressum","status":"publish","type":"page","link":"https:\/\/thepartypark.com\/?page_id=16","title":{"rendered":"Impressum"},"content":{"rendered":"\t\t<div data-elementor-type=\"wp-page\" data-elementor-id=\"16\" class=\"elementor elementor-16\" data-elementor-post-type=\"page\">\n\t\t\t\t<div class=\"elementor-element elementor-element-71c6431 e-con-full e-flex e-con e-parent\" data-id=\"71c6431\" data-element_type=\"container\" data-e-type=\"container\" data-settings=\"{&quot;background_background&quot;:&quot;classic&quot;}\">\n\t\t<div class=\"elementor-element elementor-element-62f1674 e-flex e-con-boxed e-con e-child\" data-id=\"62f1674\" data-element_type=\"container\" data-e-type=\"container\">\n\t\t\t\t\t<div class=\"e-con-inner\">\n\t\t\t\t<div class=\"elementor-element elementor-element-3390fab elementor-widget elementor-widget-text-editor\" data-id=\"3390fab\" data-element_type=\"widget\" data-e-type=\"widget\" data-widget_type=\"text-editor.default\">\n\t\t\t\t<div class=\"elementor-widget-container\">\n\t\t\t\t\t\t\t\t\t<h1 data-start=\"61\" data-end=\"73\"><strong>Impressum<\/strong><\/h1><h3 data-start=\"75\" data-end=\"112\">\u00a0<\/h3><h2 data-start=\"75\" data-end=\"112\"><strong>Angaben gem\u00e4\u00df \u00a7 5 TMG \/ \u00a7 55 RStV<\/strong><\/h2><p data-start=\"114\" data-end=\"189\"><strong>The Party Park<\/strong><br data-start=\"128\" data-end=\"131\" \/><strong>Kattigarweg 2-4, 8724 Spielberg<\/strong><br data-start=\"176\" data-end=\"179\" \/><strong>\u00d6sterreich<\/strong><\/p><p data-start=\"114\" data-end=\"189\"><strong>E-Mail: <a class=\"cursor-pointer\" rel=\"noopener\" data-start=\"226\" data-end=\"285\">contact@thepartypark.com<\/a><\/strong><br data-start=\"285\" data-end=\"288\" \/><strong>Website: <a class=\"\" href=\"https:\/\/thepartypark.com\" target=\"_new\" rel=\"noopener\" data-start=\"297\" data-end=\"349\">https:\/\/thepartypark.com<\/a><\/strong><\/p><h2 data-start=\"2257\" data-end=\"2283\"><strong>Marken- und Logo-Guide<\/strong><\/h2><p data-start=\"2285\" data-end=\"2543\">Das Logo und weitere Markenzeichen von The Party Park sind gesch\u00fctzt und d\u00fcrfen nur mit ausdr\u00fccklicher Genehmigung verwendet werden. Einen detaillierten Logo-Guide sowie die entsprechenden Dateien stellen wir unseren Partnern und Lizenznehmern zur Verf\u00fcgung.<\/p><p data-start=\"2545\" data-end=\"2706\"><strong>Du kannst den Logo-Guide und die Logodateien hier herunterladen:<\/strong><br data-start=\"2613\" data-end=\"2616\" \/><a href=\"https:\/\/thepartypark.com\/wp-content\/uploads\/2025\/06\/Party_Park_Logoguide_2021.pdf\"><strong>Logo-Guide &amp; Dateien herunterladen<\/strong><\/a><\/p><p data-start=\"2708\" data-end=\"2855\">Falls du Fragen hast oder weitere Materialien ben\u00f6tigst, kontaktiere uns bitte unter:<br data-start=\"2793\" data-end=\"2796\" \/><strong><a class=\"cursor-pointer\" rel=\"noopener\" data-start=\"2796\" data-end=\"2855\">contact@thepartypark.com<\/a><\/strong><\/p><h2 data-start=\"826\" data-end=\"861\"><strong>Haftungsausschluss\u00a0<\/strong><\/h2><p data-start=\"863\" data-end=\"1169\"><strong data-start=\"863\" data-end=\"886\">Haftung f\u00fcr Inhalte<\/strong><br data-start=\"886\" data-end=\"889\" \/>Als Diensteanbieter sind wir gem\u00e4\u00df \u00a7 7 Abs.1 TMG f\u00fcr eigene Inhalte auf diesen Seiten nach den allgemeinen Gesetzen verantwortlich. Wir bem\u00fchen uns um sorgf\u00e4ltige inhaltliche Kontrolle, \u00fcbernehmen aber keine Haftung f\u00fcr die Aktualit\u00e4t, Richtigkeit und Vollst\u00e4ndigkeit der Inhalte.<\/p><p data-start=\"1171\" data-end=\"1464\"><strong data-start=\"1171\" data-end=\"1192\">Haftung f\u00fcr Links<\/strong><br data-start=\"1192\" data-end=\"1195\" \/>Unsere Website enth\u00e4lt Links zu externen Websites Dritter, auf deren Inhalte wir keinen Einfluss haben. Deshalb \u00fcbernehmen wir keine Haftung f\u00fcr diese fremden Inhalte. F\u00fcr die Inhalte der verlinkten Seiten ist stets der jeweilige Anbieter oder Betreiber verantwortlich.<\/p><p data-start=\"1466\" data-end=\"1801\"><strong data-start=\"1466\" data-end=\"1482\">Urheberrecht<\/strong><br data-start=\"1482\" data-end=\"1485\" \/>Die durch die Seitenbetreiber erstellten Inhalte und Werke auf dieser Website unterliegen dem \u00f6sterreichischen Urheberrecht. Die Vervielf\u00e4ltigung, Bearbeitung, Verbreitung und jede Art der Verwertung au\u00dferhalb der Grenzen des Urheberrechts bed\u00fcrfen der schriftlichen Zustimmung des jeweiligen Autors bzw. Erstellers.<\/p><h2 data-start=\"1803\" data-end=\"1818\"><strong>Datenschutz<\/strong><\/h2><p data-start=\"1820\" data-end=\"1933\">Informationen zum Datenschutz findest du in unserer <strong><a class=\"\" href=\"https:\/\/thepartypark.com\/?page_id=3\" target=\"_new\" rel=\"noopener\" data-start=\"1872\" data-end=\"1932\">Datenschutzerkl\u00e4rung<\/a><\/strong>.<\/p>\t\t\t\t\t\t\t\t<\/div>\n\t\t\t\t<\/div>\n\t\t\t\t<div class=\"elementor-element elementor-element-2ca7955 elementor-widget elementor-widget-spacer\" data-id=\"2ca7955\" data-element_type=\"widget\" data-e-type=\"widget\" data-widget_type=\"spacer.default\">\n\t\t\t\t<div class=\"elementor-widget-container\">\n\t\t\t\t\t\t\t<div class=\"elementor-spacer\">\n\t\t\t<div class=\"elementor-spacer-inner\"><\/div>\n\t\t<\/div>\n\t\t\t\t\t\t<\/div>\n\t\t\t\t<\/div>\n\t\t\t\t\t<\/div>\n\t\t\t\t<\/div>\n\t\t\t\t<\/div>\n\t\t\t\t<\/div>\n\t\t","protected":false},"excerpt":{"rendered":"<p>Impressum \u00a0 Angaben gem\u00e4\u00df \u00a7 5 TMG \/ \u00a7 55 RStV The Party ParkKattigarweg 2-4, 8724 Spielberg\u00d6sterreich E-Mail: contact@thepartypark.comWebsite: https:\/\/thepartypark.com Marken- und Logo-Guide Das Logo und weitere Markenzeichen von The Party Park sind gesch\u00fctzt und d\u00fcrfen nur mit ausdr\u00fccklicher Genehmigung verwendet werden. Einen detaillierten Logo-Guide sowie die entsprechenden Dateien stellen wir unseren Partnern und Lizenznehmern [&hellip;]<\/p>\n","protected":false},"author":1,"featured_media":0,"parent":0,"menu_order":0,"comment_status":"closed","ping_status":"closed","template":"","meta":{"footnotes":""},"class_list":["post-16","page","type-page","status-publish","hentry"],"_links":{"self":[{"href":"https:\/\/thepartypark.com\/index.php?rest_route=\/wp\/v2\/pages\/16","targetHints":{"allow":["GET"]}}],"collection":[{"href":"https:\/\/thepartypark.com\/index.php?rest_route=\/wp\/v2\/pages"}],"about":[{"href":"https:\/\/thepartypark.com\/index.php?rest_route=\/wp\/v2\/types\/page"}],"author":[{"embeddable":true,"href":"https:\/\/thepartypark.com\/index.php?rest_route=\/wp\/v2\/users\/1"}],"replies":[{"embeddable":true,"href":"https:\/\/thepartypark.com\/index.php?rest_route=%2Fwp%2Fv2%2Fcomments&post=16"}],"version-history":[{"count":0,"href":"https:\/\/thepartypark.com\/index.php?rest_route=\/wp\/v2\/pages\/16\/revisions"}],"wp:attachment":[{"href":"https:\/\/thepartypark.com\/index.php?rest_route=%2Fwp%2Fv2%2Fmedia&parent=16"}],"curies":[{"name":"wp","href":"https:\/\/api.w.org\/{rel}","templated":true}]}}